{"id":63,"date":"2020-09-27T21:28:57","date_gmt":"2020-09-27T19:28:57","guid":{"rendered":"http:\/\/mecasky.fr\/?page_id=63"},"modified":"2024-10-22T14:13:37","modified_gmt":"2024-10-22T12:13:37","slug":"accueil","status":"publish","type":"page","link":"https:\/\/mecasky.fr\/","title":{"rendered":"Accueil"},"content":{"rendered":"\t\t<div data-elementor-type=\"wp-page\" data-elementor-id=\"63\" class=\"elementor elementor-63\">\n\t\t\t\t\t\t<div class=\"elementor-inner\">\n\t\t\t\t<div class=\"elementor-section-wrap\">\n\t\t\t\t\t\t\t\t\t<section class=\"elementor-section elementor-top-section elementor-element elementor-element-520b8a5 elementor-section-height-min-height elementor-section-boxed elementor-section-height-default elementor-section-items-middle\" data-id=\"520b8a5\" data-element_type=\"section\" data-settings=\"{&quot;background_background&quot;:&quot;slideshow&quot;,&quot;background_slideshow_gallery&quot;:[{&quot;id&quot;:69,&quot;url&quot;:&quot;http:\\\/\\\/mecasky.fr\\\/wp-content\\\/uploads\\\/2020\\\/09\\\/J3-1.jpg&quot;},{&quot;id&quot;:124,&quot;url&quot;:&quot;http:\\\/\\\/mecasky.fr\\\/wp-content\\\/uploads\\\/2020\\\/09\\\/DSC_0269-scaled.jpg&quot;},{&quot;id&quot;:217,&quot;url&quot;:&quot;http:\\\/\\\/mecasky.fr\\\/wp-content\\\/uploads\\\/2020\\\/10\\\/F-gcrx-2.jpg&quot;},{&quot;id&quot;:126,&quot;url&quot;:&quot;http:\\\/\\\/mecasky.fr\\\/wp-content\\\/uploads\\\/2020\\\/09\\\/Cessna-FR-172-J2.jpg&quot;},{&quot;id&quot;:317,&quot;url&quot;:&quot;http:\\\/\\\/mecasky.fr\\\/wp-content\\\/uploads\\\/2020\\\/11\\\/IMG_20201103_205549_182.jpg&quot;},{&quot;id&quot;:128,&quot;url&quot;:&quot;http:\\\/\\\/mecasky.fr\\\/wp-content\\\/uploads\\\/2020\\\/09\\\/IMG_20200902_11575-2-scaled.jpg&quot;}],&quot;background_slideshow_slide_duration&quot;:2000,&quot;background_slideshow_transition_duration&quot;:1500,&quot;background_slideshow_loop&quot;:&quot;yes&quot;,&quot;background_slideshow_slide_transition&quot;:&quot;fade&quot;}\">\n\t\t\t\t\t\t<div class=\"elementor-container elementor-column-gap-default\">\n\t\t\t\t\t\t\t<div class=\"elementor-row\">\n\t\t\t\t\t<div class=\"elementor-column elementor-col-100 elementor-top-column elementor-element elementor-element-5ecfaa0\" data-id=\"5ecfaa0\" data-element_type=\"column\" data-settings=\"{&quot;background_background&quot;:&quot;gradient&quot;}\">\n\t\t\t<div class=\"elementor-column-wrap\">\n\t\t\t\t\t<div class=\"elementor-background-overlay\"><\/div>\n\t\t\t\t\t\t\t<div class=\"elementor-widget-wrap\">\n\t\t\t\t\t\t\t\t<\/div>\n\t\t\t\t\t<\/div>\n\t\t<\/div>\n\t\t\t\t\t\t\t\t<\/div>\n\t\t\t\t\t<\/div>\n\t\t<\/section>\n\t\t\t\t<section class=\"elementor-section elementor-top-section elementor-element elementor-element-2f566a5 elementor-section-boxed elementor-section-height-default elementor-section-height-default\" data-id=\"2f566a5\" data-element_type=\"section\">\n\t\t\t\t\t\t<div class=\"elementor-container elementor-column-gap-default\">\n\t\t\t\t\t\t\t<div class=\"elementor-row\">\n\t\t\t\t\t<header class=\"elementor-column elementor-col-100 elementor-top-column elementor-element elementor-element-02abac4\" data-id=\"02abac4\" data-element_type=\"column\">\n\t\t\t<div class=\"elementor-column-wrap elementor-element-populated\">\n\t\t\t\t\t\t\t<div class=\"elementor-widget-wrap\">\n\t\t\t\t\t\t<div class=\"elementor-element elementor-element-9e30df4 elementor-widget elementor-widget-text-editor\" data-id=\"9e30df4\" data-element_type=\"widget\" data-widget_type=\"text-editor.default\">\n\t\t\t\t<div class=\"elementor-widget-container\">\n\t\t\t\t\t\t\t\t<div class=\"elementor-text-editor elementor-clearfix\">\n\t\t\t\t<p>Nous sommes un atelier de maintenance a\u00e9ronautique agr\u00e9er FR.CAO.0168 (et CAO&rsquo; pour les Annex 1), bas\u00e9e sur l\u2019a\u00e9rodrome de Villefranche-Tarare <a style=\"color: #00108e; text-decoration: underline;\" href=\"https:\/\/www.sia.aviation-civile.gouv.fr\/dvd\/eAIP_05_NOV_2020\/Atlas-VAC\/PDF_AIPparSSection\/VAC\/AD\/AD-2.LFHV.pdf\" target=\"_blank\" rel=\"noopener\">LFHV<\/a><br \/>Plus particuli\u00e8rement centr\u00e9e sur l\u2019aviation certifi\u00e9, l\u00e9g\u00e8re et g\u00e9n\u00e9rale, notre vision du travail passe avant tout par un service de qualit\u00e9 et de passion.<\/p>\t\t\t\t\t<\/div>\n\t\t\t\t\t\t<\/div>\n\t\t\t\t<\/div>\n\t\t\t\t\t\t<\/div>\n\t\t\t\t\t<\/div>\n\t\t<\/header>\n\t\t\t\t\t\t\t\t<\/div>\n\t\t\t\t\t<\/div>\n\t\t<\/section>\n\t\t\t\t<section class=\"elementor-section elementor-top-section elementor-element elementor-element-c784013 elementor-section-boxed elementor-section-height-default elementor-section-height-default\" data-id=\"c784013\" data-element_type=\"section\">\n\t\t\t\t\t\t<div class=\"elementor-container elementor-column-gap-default\">\n\t\t\t\t\t\t\t<div class=\"elementor-row\">\n\t\t\t\t\t<div class=\"elementor-column elementor-col-33 elementor-top-column elementor-element elementor-element-4c843e6\" data-id=\"4c843e6\" data-element_type=\"column\">\n\t\t\t<div class=\"elementor-column-wrap elementor-element-populated\">\n\t\t\t\t\t\t\t<div class=\"elementor-widget-wrap\">\n\t\t\t\t\t\t<div class=\"elementor-element elementor-element-7e130e9 elementor-widget elementor-widget-image\" data-id=\"7e130e9\" data-element_type=\"widget\" data-widget_type=\"image.default\">\n\t\t\t\t<div class=\"elementor-widget-container\">\n\t\t\t\t\t\t\t\t<div class=\"elementor-image\">\n\t\t\t\t\t\t\t\t\t\t\t\t\t<a href=\"http:\/\/mecasky.fr\/index.php\/maintenance\/\">\n\t\t\t\t\t\t\t<img width=\"750\" height=\"563\" src=\"https:\/\/mecasky.fr\/wp-content\/uploads\/2020\/11\/IMG_20201103_205501_431.jpg\" class=\"attachment-large size-large wp-image-295\" alt=\"\" loading=\"lazy\" srcset=\"https:\/\/mecasky.fr\/wp-content\/uploads\/2020\/11\/IMG_20201103_205501_431.jpg 992w, https:\/\/mecasky.fr\/wp-content\/uploads\/2020\/11\/IMG_20201103_205501_431-300x225.jpg 300w, https:\/\/mecasky.fr\/wp-content\/uploads\/2020\/11\/IMG_20201103_205501_431-768x576.jpg 768w\" sizes=\"(max-width: 750px) 100vw, 750px\" \/>\t\t\t\t\t\t\t\t<\/a>\n\t\t\t\t\t\t\t\t\t\t\t\t\t\t<\/div>\n\t\t\t\t\t\t<\/div>\n\t\t\t\t<\/div>\n\t\t\t\t<div class=\"elementor-element elementor-element-16537f2 elementor-widget elementor-widget-heading\" data-id=\"16537f2\" data-element_type=\"widget\" data-widget_type=\"heading.default\">\n\t\t\t\t<div class=\"elementor-widget-container\">\n\t\t\t<h2 class=\"elementor-heading-title elementor-size-default\"><a href=\"http:\/\/mecasky.fr\/index.php\/maintenance\/\">Maintenance<\/a><\/h2>\t\t<\/div>\n\t\t\t\t<\/div>\n\t\t\t\t\t\t<\/div>\n\t\t\t\t\t<\/div>\n\t\t<\/div>\n\t\t\t\t<div class=\"elementor-column elementor-col-33 elementor-top-column elementor-element elementor-element-5b72f7d\" data-id=\"5b72f7d\" data-element_type=\"column\">\n\t\t\t<div class=\"elementor-column-wrap elementor-element-populated\">\n\t\t\t\t\t\t\t<div class=\"elementor-widget-wrap\">\n\t\t\t\t\t\t<div class=\"elementor-element elementor-element-0b5b9b8 elementor-widget elementor-widget-image\" data-id=\"0b5b9b8\" data-element_type=\"widget\" data-widget_type=\"image.default\">\n\t\t\t\t<div class=\"elementor-widget-container\">\n\t\t\t\t\t\t\t\t<div class=\"elementor-image\">\n\t\t\t\t\t\t\t\t\t\t\t\t\t<a href=\"http:\/\/mecasky.fr\/index.php\/achats-ventes\/\">\n\t\t\t\t\t\t\t<img width=\"750\" height=\"579\" src=\"https:\/\/mecasky.fr\/wp-content\/uploads\/2023\/10\/F-BLEV-1024x791.jpg\" class=\"attachment-large size-large wp-image-526\" alt=\"\" loading=\"lazy\" srcset=\"https:\/\/mecasky.fr\/wp-content\/uploads\/2023\/10\/F-BLEV-1024x791.jpg 1024w, https:\/\/mecasky.fr\/wp-content\/uploads\/2023\/10\/F-BLEV-300x232.jpg 300w, https:\/\/mecasky.fr\/wp-content\/uploads\/2023\/10\/F-BLEV-768x593.jpg 768w, https:\/\/mecasky.fr\/wp-content\/uploads\/2023\/10\/F-BLEV.jpg 1161w\" sizes=\"(max-width: 750px) 100vw, 750px\" \/>\t\t\t\t\t\t\t\t<\/a>\n\t\t\t\t\t\t\t\t\t\t\t\t\t\t<\/div>\n\t\t\t\t\t\t<\/div>\n\t\t\t\t<\/div>\n\t\t\t\t<div class=\"elementor-element elementor-element-3ff9ecf elementor-widget elementor-widget-heading\" data-id=\"3ff9ecf\" data-element_type=\"widget\" data-widget_type=\"heading.default\">\n\t\t\t\t<div class=\"elementor-widget-container\">\n\t\t\t<h2 class=\"elementor-heading-title elementor-size-default\"><a href=\"http:\/\/mecasky.fr\/index.php\/achats-ventes\/\">Achats &amp; ventes<\/a><\/h2>\t\t<\/div>\n\t\t\t\t<\/div>\n\t\t\t\t\t\t<\/div>\n\t\t\t\t\t<\/div>\n\t\t<\/div>\n\t\t\t\t<div class=\"elementor-column elementor-col-33 elementor-top-column elementor-element elementor-element-65f8457\" data-id=\"65f8457\" data-element_type=\"column\">\n\t\t\t<div class=\"elementor-column-wrap elementor-element-populated\">\n\t\t\t\t\t\t\t<div class=\"elementor-widget-wrap\">\n\t\t\t\t\t\t<div class=\"elementor-element elementor-element-e665ce4 elementor-widget elementor-widget-google_maps\" data-id=\"e665ce4\" data-element_type=\"widget\" data-widget_type=\"google_maps.default\">\n\t\t\t\t<div class=\"elementor-widget-container\">\n\t\t\t\t\t<div class=\"elementor-custom-embed\">\n\t\t\t<iframe loading=\"lazy\"\n\t\t\t\t\tsrc=\"https:\/\/maps.google.com\/maps?q=aerodrome%20villefranche%20tarare&#038;t=m&#038;z=8&#038;output=embed&#038;iwloc=near\"\n\t\t\t\t\ttitle=\"aerodrome villefranche tarare\"\n\t\t\t\t\taria-label=\"aerodrome villefranche tarare\"\n\t\t\t><\/iframe>\n\t\t<\/div>\n\t\t\t\t<\/div>\n\t\t\t\t<\/div>\n\t\t\t\t\t\t<\/div>\n\t\t\t\t\t<\/div>\n\t\t<\/div>\n\t\t\t\t\t\t\t\t<\/div>\n\t\t\t\t\t<\/div>\n\t\t<\/section>\n\t\t\t\t<section class=\"elementor-section elementor-top-section elementor-element elementor-element-f3c32d4 elementor-section-boxed elementor-section-height-default elementor-section-height-default\" data-id=\"f3c32d4\" data-element_type=\"section\">\n\t\t\t\t\t\t<div class=\"elementor-container elementor-column-gap-default\">\n\t\t\t\t\t\t\t<div class=\"elementor-row\">\n\t\t\t\t\t<div class=\"elementor-column elementor-col-100 elementor-top-column elementor-element elementor-element-9d69517\" data-id=\"9d69517\" data-element_type=\"column\">\n\t\t\t<div class=\"elementor-column-wrap elementor-element-populated\">\n\t\t\t\t\t\t\t<div class=\"elementor-widget-wrap\">\n\t\t\t\t\t\t<section class=\"elementor-section elementor-inner-section elementor-element elementor-element-ca8eacf elementor-section-boxed elementor-section-height-default elementor-section-height-default\" data-id=\"ca8eacf\" data-element_type=\"section\">\n\t\t\t\t\t\t<div class=\"elementor-container elementor-column-gap-default\">\n\t\t\t\t\t\t\t<div class=\"elementor-row\">\n\t\t\t\t\t<div class=\"elementor-column elementor-col-50 elementor-inner-column elementor-element elementor-element-f57ac26\" data-id=\"f57ac26\" data-element_type=\"column\">\n\t\t\t<div class=\"elementor-column-wrap elementor-element-populated\">\n\t\t\t\t\t\t\t<div class=\"elementor-widget-wrap\">\n\t\t\t\t\t\t<div class=\"elementor-element elementor-element-9294357 elementor-widget elementor-widget-text-editor\" data-id=\"9294357\" data-element_type=\"widget\" data-widget_type=\"text-editor.default\">\n\t\t\t\t<div class=\"elementor-widget-container\">\n\t\t\t\t\t\t\t\t<div class=\"elementor-text-editor elementor-clearfix\">\n\t\t\t\t<p>Acc\u00e8s direct par la D338 et par le taxiway LFHV<\/p>\t\t\t\t\t<\/div>\n\t\t\t\t\t\t<\/div>\n\t\t\t\t<\/div>\n\t\t\t\t\t\t<\/div>\n\t\t\t\t\t<\/div>\n\t\t<\/div>\n\t\t\t\t<div class=\"elementor-column elementor-col-50 elementor-inner-column elementor-element elementor-element-aa74d5a\" data-id=\"aa74d5a\" data-element_type=\"column\">\n\t\t\t<div class=\"elementor-column-wrap elementor-element-populated\">\n\t\t\t\t\t\t\t<div class=\"elementor-widget-wrap\">\n\t\t\t\t\t\t<div class=\"elementor-element elementor-element-ecb5aa0 elementor-widget elementor-widget-image\" data-id=\"ecb5aa0\" data-element_type=\"widget\" data-widget_type=\"image.default\">\n\t\t\t\t<div class=\"elementor-widget-container\">\n\t\t\t\t\t\t\t\t<div class=\"elementor-image\">\n\t\t\t\t\t\t\t\t\t\t\t\t<img width=\"750\" height=\"335\" src=\"https:\/\/mecasky.fr\/wp-content\/uploads\/2023\/01\/plan-acces-1024x458.jpg\" class=\"attachment-large size-large wp-image-513\" alt=\"\" loading=\"lazy\" srcset=\"https:\/\/mecasky.fr\/wp-content\/uploads\/2023\/01\/plan-acces-1024x458.jpg 1024w, https:\/\/mecasky.fr\/wp-content\/uploads\/2023\/01\/plan-acces-300x134.jpg 300w, https:\/\/mecasky.fr\/wp-content\/uploads\/2023\/01\/plan-acces-768x344.jpg 768w, https:\/\/mecasky.fr\/wp-content\/uploads\/2023\/01\/plan-acces-1536x687.jpg 1536w, https:\/\/mecasky.fr\/wp-content\/uploads\/2023\/01\/plan-acces.jpg 1973w\" sizes=\"(max-width: 750px) 100vw, 750px\" \/>\t\t\t\t\t\t\t\t\t\t\t\t\t\t<\/div>\n\t\t\t\t\t\t<\/div>\n\t\t\t\t<\/div>\n\t\t\t\t\t\t<\/div>\n\t\t\t\t\t<\/div>\n\t\t<\/div>\n\t\t\t\t\t\t\t\t<\/div>\n\t\t\t\t\t<\/div>\n\t\t<\/section>\n\t\t\t\t\t\t<\/div>\n\t\t\t\t\t<\/div>\n\t\t<\/div>\n\t\t\t\t\t\t\t\t<\/div>\n\t\t\t\t\t<\/div>\n\t\t<\/section>\n\t\t\t\t<section class=\"elementor-section elementor-top-section elementor-element elementor-element-a642e0b elementor-section-boxed elementor-section-height-default elementor-section-height-default\" data-id=\"a642e0b\" data-element_type=\"section\" data-settings=\"{&quot;background_background&quot;:&quot;classic&quot;}\">\n\t\t\t\t\t\t\t<div class=\"elementor-background-overlay\"><\/div>\n\t\t\t\t\t\t\t<div class=\"elementor-container elementor-column-gap-default\">\n\t\t\t\t\t\t\t<div class=\"elementor-row\">\n\t\t\t\t\t<div class=\"elementor-column elementor-col-33 elementor-top-column elementor-element elementor-element-66c8478\" data-id=\"66c8478\" data-element_type=\"column\">\n\t\t\t<div class=\"elementor-column-wrap elementor-element-populated\">\n\t\t\t\t\t\t\t<div class=\"elementor-widget-wrap\">\n\t\t\t\t\t\t<div class=\"elementor-element elementor-element-bf09379 elementor-widget elementor-widget-text-editor\" data-id=\"bf09379\" data-element_type=\"widget\" data-widget_type=\"text-editor.default\">\n\t\t\t\t<div class=\"elementor-widget-container\">\n\t\t\t\t\t\t\t\t<div class=\"elementor-text-editor elementor-clearfix\">\n\t\t\t\t<p>MecaSky<\/p><p>A\u00e9rodrome de Villefranche-Tarare <a style=\"color: white; text-decoration: underline;\" href=\"https:\/\/www.sia.aviation-civile.gouv.fr\/dvd\/eAIP_05_NOV_2020\/Atlas-VAC\/PDF_AIPparSSection\/VAC\/AD\/AD-2.LFHV.pdf\">LFHV<\/a><br \/>63 Avenue Odette et Edouard Durant<br \/>69620 FRONTENAS<\/p>\t\t\t\t\t<\/div>\n\t\t\t\t\t\t<\/div>\n\t\t\t\t<\/div>\n\t\t\t\t\t\t<\/div>\n\t\t\t\t\t<\/div>\n\t\t<\/div>\n\t\t\t\t<div class=\"elementor-column elementor-col-33 elementor-top-column elementor-element elementor-element-6b77472\" data-id=\"6b77472\" data-element_type=\"column\">\n\t\t\t<div class=\"elementor-column-wrap elementor-element-populated\">\n\t\t\t\t\t\t\t<div class=\"elementor-widget-wrap\">\n\t\t\t\t\t\t<div class=\"elementor-element elementor-element-91ecbda elementor-widget elementor-widget-text-editor\" data-id=\"91ecbda\" data-element_type=\"widget\" data-widget_type=\"text-editor.default\">\n\t\t\t\t<div class=\"elementor-widget-container\">\n\t\t\t\t\t\t\t\t<div class=\"elementor-text-editor elementor-clearfix\">\n\t\t\t\t<p>Suivez nous sur :<\/p>\t\t\t\t\t<\/div>\n\t\t\t\t\t\t<\/div>\n\t\t\t\t<\/div>\n\t\t\t\t<section class=\"elementor-section elementor-inner-section elementor-element elementor-element-a408d55 elementor-section-height-min-height elementor-section-boxed elementor-section-height-default\" data-id=\"a408d55\" data-element_type=\"section\">\n\t\t\t\t\t\t<div class=\"elementor-container elementor-column-gap-default\">\n\t\t\t\t\t\t\t<div class=\"elementor-row\">\n\t\t\t\t\t<div class=\"elementor-column elementor-col-25 elementor-inner-column elementor-element elementor-element-566941f\" data-id=\"566941f\" data-element_type=\"column\">\n\t\t\t<div class=\"elementor-column-wrap elementor-element-populated\">\n\t\t\t\t\t\t\t<div class=\"elementor-widget-wrap\">\n\t\t\t\t\t\t<div class=\"elementor-element elementor-element-b200119 elementor-widget elementor-widget-image\" data-id=\"b200119\" data-element_type=\"widget\" data-widget_type=\"image.default\">\n\t\t\t\t<div class=\"elementor-widget-container\">\n\t\t\t\t\t\t\t\t<div class=\"elementor-image\">\n\t\t\t\t\t\t\t\t\t\t\t\t\t<a href=\"https:\/\/www.facebook.com\/MecaSky-342008399858018\/\">\n\t\t\t\t\t\t\t<img width=\"85\" height=\"85\" src=\"https:\/\/mecasky.fr\/wp-content\/uploads\/2020\/10\/vide-85.png\" class=\"attachment-thumbnail size-thumbnail wp-image-209\" alt=\"\" loading=\"lazy\" \/>\t\t\t\t\t\t\t\t<\/a>\n\t\t\t\t\t\t\t\t\t\t\t\t\t\t<\/div>\n\t\t\t\t\t\t<\/div>\n\t\t\t\t<\/div>\n\t\t\t\t\t\t<\/div>\n\t\t\t\t\t<\/div>\n\t\t<\/div>\n\t\t\t\t<div class=\"elementor-column elementor-col-25 elementor-inner-column elementor-element elementor-element-cfad4f4\" data-id=\"cfad4f4\" data-element_type=\"column\">\n\t\t\t<div class=\"elementor-column-wrap elementor-element-populated\">\n\t\t\t\t\t\t\t<div class=\"elementor-widget-wrap\">\n\t\t\t\t\t\t<div class=\"elementor-element elementor-element-678eba5 elementor-widget elementor-widget-image\" data-id=\"678eba5\" data-element_type=\"widget\" data-widget_type=\"image.default\">\n\t\t\t\t<div class=\"elementor-widget-container\">\n\t\t\t\t\t\t\t\t<div class=\"elementor-image\">\n\t\t\t\t\t\t\t\t\t\t\t\t\t<a href=\"https:\/\/www.facebook.com\/MecaSky-342008399858018\/\" target=\"_blank\">\n\t\t\t\t\t\t\t<img width=\"85\" height=\"85\" src=\"https:\/\/mecasky.fr\/wp-content\/uploads\/2020\/10\/logo-fb-85.jpg\" class=\"attachment-thumbnail size-thumbnail wp-image-187\" alt=\"\" loading=\"lazy\" \/>\t\t\t\t\t\t\t\t<\/a>\n\t\t\t\t\t\t\t\t\t\t\t\t\t\t<\/div>\n\t\t\t\t\t\t<\/div>\n\t\t\t\t<\/div>\n\t\t\t\t\t\t<\/div>\n\t\t\t\t\t<\/div>\n\t\t<\/div>\n\t\t\t\t<div class=\"elementor-column elementor-col-25 elementor-inner-column elementor-element elementor-element-e1e45a5\" data-id=\"e1e45a5\" data-element_type=\"column\">\n\t\t\t<div class=\"elementor-column-wrap elementor-element-populated\">\n\t\t\t\t\t\t\t<div class=\"elementor-widget-wrap\">\n\t\t\t\t\t\t<div class=\"elementor-element elementor-element-dd45e8e elementor-widget elementor-widget-image\" data-id=\"dd45e8e\" data-element_type=\"widget\" data-widget_type=\"image.default\">\n\t\t\t\t<div class=\"elementor-widget-container\">\n\t\t\t\t\t\t\t\t<div class=\"elementor-image\">\n\t\t\t\t\t\t\t\t\t\t\t\t\t<a href=\"https:\/\/instagram.com\/mecasky?igshid=nxywu85wdvme\" target=\"_blank\">\n\t\t\t\t\t\t\t<img width=\"85\" height=\"85\" src=\"https:\/\/mecasky.fr\/wp-content\/uploads\/2020\/10\/logo-insta-85-2.jpg\" class=\"attachment-thumbnail size-thumbnail wp-image-191\" alt=\"\" loading=\"lazy\" \/>\t\t\t\t\t\t\t\t<\/a>\n\t\t\t\t\t\t\t\t\t\t\t\t\t\t<\/div>\n\t\t\t\t\t\t<\/div>\n\t\t\t\t<\/div>\n\t\t\t\t\t\t<\/div>\n\t\t\t\t\t<\/div>\n\t\t<\/div>\n\t\t\t\t<div class=\"elementor-column elementor-col-25 elementor-inner-column elementor-element elementor-element-c4d17aa\" data-id=\"c4d17aa\" data-element_type=\"column\">\n\t\t\t<div class=\"elementor-column-wrap elementor-element-populated\">\n\t\t\t\t\t\t\t<div class=\"elementor-widget-wrap\">\n\t\t\t\t\t\t<div class=\"elementor-element elementor-element-a33b32b elementor-widget elementor-widget-image\" data-id=\"a33b32b\" data-element_type=\"widget\" data-widget_type=\"image.default\">\n\t\t\t\t<div class=\"elementor-widget-container\">\n\t\t\t\t\t\t\t\t<div class=\"elementor-image\">\n\t\t\t\t\t\t\t\t\t\t\t\t\t<a href=\"https:\/\/instagram.com\/laurentmaximeaero?igshid=bksl23itixee\">\n\t\t\t\t\t\t\t<img width=\"85\" height=\"85\" src=\"https:\/\/mecasky.fr\/wp-content\/uploads\/2020\/10\/vide-85.png\" class=\"attachment-thumbnail size-thumbnail wp-image-209\" alt=\"\" loading=\"lazy\" \/>\t\t\t\t\t\t\t\t<\/a>\n\t\t\t\t\t\t\t\t\t\t\t\t\t\t<\/div>\n\t\t\t\t\t\t<\/div>\n\t\t\t\t<\/div>\n\t\t\t\t\t\t<\/div>\n\t\t\t\t\t<\/div>\n\t\t<\/div>\n\t\t\t\t\t\t\t\t<\/div>\n\t\t\t\t\t<\/div>\n\t\t<\/section>\n\t\t\t\t\t\t<\/div>\n\t\t\t\t\t<\/div>\n\t\t<\/div>\n\t\t\t\t<div class=\"elementor-column elementor-col-33 elementor-top-column elementor-element elementor-element-4601ac4\" data-id=\"4601ac4\" data-element_type=\"column\">\n\t\t\t<div class=\"elementor-column-wrap elementor-element-populated\">\n\t\t\t\t\t\t\t<div class=\"elementor-widget-wrap\">\n\t\t\t\t\t\t<div class=\"elementor-element elementor-element-5e11723 elementor-widget elementor-widget-text-editor\" data-id=\"5e11723\" data-element_type=\"widget\" data-widget_type=\"text-editor.default\">\n\t\t\t\t<div class=\"elementor-widget-container\">\n\t\t\t\t\t\t\t\t<div class=\"elementor-text-editor elementor-clearfix\">\n\t\t\t\t<p>Maxime LAURENT<\/p><p>Tel: 06.28.66.46.44<br \/>Mail : maxime@mecasky.fr<\/p>\t\t\t\t\t<\/div>\n\t\t\t\t\t\t<\/div>\n\t\t\t\t<\/div>\n\t\t\t\t\t\t<\/div>\n\t\t\t\t\t<\/div>\n\t\t<\/div>\n\t\t\t\t\t\t\t\t<\/div>\n\t\t\t\t\t<\/div>\n\t\t<\/section>\n\t\t\t\t<section class=\"elementor-section elementor-top-section elementor-element elementor-element-c7d7aea elementor-section-boxed elementor-section-height-default elementor-section-height-default\" data-id=\"c7d7aea\" data-element_type=\"section\">\n\t\t\t\t\t\t<div class=\"elementor-container elementor-column-gap-default\">\n\t\t\t\t\t\t\t<div class=\"elementor-row\">\n\t\t\t\t\t<div class=\"elementor-column elementor-col-25 elementor-top-column elementor-element elementor-element-f487542\" data-id=\"f487542\" data-element_type=\"column\">\n\t\t\t<div class=\"elementor-column-wrap\">\n\t\t\t\t\t\t\t<div class=\"elementor-widget-wrap\">\n\t\t\t\t\t\t\t\t<\/div>\n\t\t\t\t\t<\/div>\n\t\t<\/div>\n\t\t\t\t<div class=\"elementor-column elementor-col-25 elementor-top-column elementor-element elementor-element-8ff43ed\" data-id=\"8ff43ed\" data-element_type=\"column\">\n\t\t\t<div class=\"elementor-column-wrap\">\n\t\t\t\t\t\t\t<div class=\"elementor-widget-wrap\">\n\t\t\t\t\t\t\t\t<\/div>\n\t\t\t\t\t<\/div>\n\t\t<\/div>\n\t\t\t\t<div class=\"elementor-column elementor-col-25 elementor-top-column elementor-element elementor-element-86b1163\" data-id=\"86b1163\" data-element_type=\"column\">\n\t\t\t<div class=\"elementor-column-wrap\">\n\t\t\t\t\t\t\t<div class=\"elementor-widget-wrap\">\n\t\t\t\t\t\t\t\t<\/div>\n\t\t\t\t\t<\/div>\n\t\t<\/div>\n\t\t\t\t<div class=\"elementor-column elementor-col-25 elementor-top-column elementor-element elementor-element-8da0ede\" data-id=\"8da0ede\" data-element_type=\"column\">\n\t\t\t<div class=\"elementor-column-wrap\">\n\t\t\t\t\t\t\t<div class=\"elementor-widget-wrap\">\n\t\t\t\t\t\t\t\t<\/div>\n\t\t\t\t\t<\/div>\n\t\t<\/div>\n\t\t\t\t\t\t\t\t<\/div>\n\t\t\t\t\t<\/div>\n\t\t<\/section>\n\t\t\t\t\t\t\t\t\t<\/div>\n\t\t\t<\/div>\n\t\t\t\t\t<\/div>\n\t\t","protected":false},"excerpt":{"rendered":"<p>Nous sommes un atelier de maintenance a\u00e9ronautique agr\u00e9er FR.CAO.0168 (et CAO&rsquo; pour les Annex 1), bas\u00e9e sur l\u2019a\u00e9rodrome de Villefranche-Tarare LFHVPlus particuli\u00e8rement centr\u00e9e sur l\u2019aviation certifi\u00e9, l\u00e9g\u00e8re et g\u00e9n\u00e9rale, notre vision du travail passe avant tout par un service de<\/p>\n","protected":false},"author":1,"featured_media":0,"parent":0,"menu_order":0,"comment_status":"closed","ping_status":"closed","template":"","meta":[],"_links":{"self":[{"href":"https:\/\/mecasky.fr\/index.php\/wp-json\/wp\/v2\/pages\/63"}],"collection":[{"href":"https:\/\/mecasky.fr\/index.php\/wp-json\/wp\/v2\/pages"}],"about":[{"href":"https:\/\/mecasky.fr\/index.php\/wp-json\/wp\/v2\/types\/page"}],"author":[{"embeddable":true,"href":"https:\/\/mecasky.fr\/index.php\/wp-json\/wp\/v2\/users\/1"}],"replies":[{"embeddable":true,"href":"https:\/\/mecasky.fr\/index.php\/wp-json\/wp\/v2\/comments?post=63"}],"version-history":[{"count":102,"href":"https:\/\/mecasky.fr\/index.php\/wp-json\/wp\/v2\/pages\/63\/revisions"}],"predecessor-version":[{"id":565,"href":"https:\/\/mecasky.fr\/index.php\/wp-json\/wp\/v2\/pages\/63\/revisions\/565"}],"wp:attachment":[{"href":"https:\/\/mecasky.fr\/index.php\/wp-json\/wp\/v2\/media?parent=63"}],"curies":[{"name":"wp","href":"https:\/\/api.w.org\/{rel}","templated":true}]}}